 prime factors of 31018?
2, 13, 1193
List the prime factors of 878.
2, 439
List the prime factors of 22408.
2, 2801
List the prime factors of 9230.
2, 5, 13, 71
List the prime factors of 3569.
43, 83
What are the prime factors of 9805?
5, 37, 53
What are the prime factors of 7802?
2, 47, 83
What are the prime factors of 12171?
3, 4057
List the prime factors of 391.
17, 23
What are the prime factors of 120443?
43, 2801
List the prime factors of 2595.
3, 5, 173
What are the prime factors of 38756?
2, 9689
List the prime factors of 58547.
127, 461
What are the prime factors of 393?
3, 131
List the prime factors of 3961.
17, 233
What are the prime factors of 411?
3, 137
List the prime factors of 9813.
3, 3271
List the prime factors of 5994.
2, 3, 37
What are the prime factors of 5519?
5519
List the prime factors of 2589.
3, 863
What are the prime factors of 8059?
8059
List the prime factors of 642.
2, 3, 107
What are the prime factors of 418?
2, 11, 19
List the prime factors of 61649.
7, 8807
What are the prime factors of 3247?
17, 191
What are the prime factors of 4514?
2, 37, 61
What are the prime factors of 59291?
211, 281
What are the prime factors of 53848?
2, 53, 127
What are the prime factors of 5705?
5, 7, 163
What are the prime factors of 8402?
2, 4201
What are the prime factors of 607?
607
List the prime factors of 1172.
2, 293
List the prime factors of 153274.
2, 11, 6967
List the prime factors of 3523.
13, 271
What are the prime factors of 30213?
3, 373
What are the prime factors of 701?
701
List the prime factors of 6118.
2, 7, 19, 23
What are the prime factors of 7307?
7307
List the prime factors of 43432.
2, 61, 89
What are the prime factors of 33178?
2, 53, 313
List the prime factors of 7710.
2, 3, 5, 257
What are the prime factors of 2208?
2, 3, 23
List the prime factors of 3044.
2, 761
What are the prime factors of 1179?
3, 131
What are the prime factors of 1249?
1249
What are the prime factors of 13764?
2, 3, 31, 37
List the prime factors of 840.
2, 3, 5, 7
List the prime factors of 122.
2, 61
What are the prime factors of 12311?
13, 947
List the prime factors of 951.
3, 317
List the prime factors of 97274.
2, 17, 2861
List the prime factors of 5603.
13, 431
What are the prime factors of 7505?
5, 19, 79
What are the prime factors of 613?
613
What are the prime factors of 43161?
3, 14387
What are the prime factors of 144295?
5, 28859
What are the prime factors of 13735?
5, 41, 67
What are the prime factors of 4365?
3, 5, 97
What are the prime factors of 1411?
17, 83
List the prime factors of 2297.
2297
What are the prime factors of 26318?
2, 13159
List the prime factors of 46213.
37, 1249
What are the prime factors of 892?
2, 223
What are the prime factors of 34790?
2, 5, 7, 71
List the prime factors of 316.
2, 79
List the prime factors of 1818.
2, 3, 101
What are the prime factors of 64642?
2, 32321
What are the prime factors of 3223?
11, 293
List the prime factors of 315.
3, 5, 7
What are the prime factors of 2535?
3, 5, 13
List the prime factors of 1232.
2, 7, 11
What are the prime factors of 854?
2, 7, 61
What are the prime factors of 2484?
2, 3, 23
List the prime factors of 27183.
3, 13, 17, 41
What are the prime factors of 16076?
2, 4019
What are the prime factors of 7862?
2, 3931
List the prime factors of 25937.
37, 701
List the prime factors of 41513.
41513
What are the prime factors of 5516?
2, 7, 197
List the prime factors of 965.
5, 193
List the prime factors of 6720.
2, 3, 5, 7
List the prime factors of 24705.
3, 5, 61
List the prime factors of 23630.
2, 5, 17, 139
What are the prime factors of 10401?
3, 3467
List the prime factors of 40838.
2, 7, 2917
List the prime factors of 7028.
2, 7, 251
What are the prime factors of 20803?
71, 293
What are the prime factors of 7312?
2, 457
What are the prime factors of 122791?
17, 31, 233
List the prime factors of 993.
3, 331
What are the prime factors of 22666?
2, 7, 1619
What are the prime factors of 24782?
2, 12391
What are the prime factors of 1127?
7, 23
What are the prime factors of 1536?
2, 3
What are the prime factors of 28551?
3, 31, 307
What are the prime factors of 14956?
2, 3739
What are the prime factors of 130?
2, 5, 13
What are the prime factors of 28786?
2, 37, 389
List the prime factors of 3462.
2, 3, 577
What are the prime factors of 29192?
2, 41, 89
List the prime factors of 19660.
2, 5, 983
What are the prime factors of 5464?
2, 683
List the prime factors of 1353.
3, 11, 41
What are the prime factors of 396?
2, 3, 11
List the prime factors of 36702.
2, 3, 2039
List the prime factors of 76264.
2, 9533
List the prime factors of 252.
2, 3, 7
List the prime factors of 12585.
3, 5, 839
What are the prime factors of 29491?
7, 11, 383
What are the prime factors of 526?
2, 263
What are the prime factors of 59669?
59669
List the prime factors of 1976.
2, 13, 19
List the prime factors of 4012.
2, 17, 59
List the prime factors of 1285.
5, 257
List the prime factors of 30955.
5, 41, 151
List the prime factors of 1643.
31, 53
List the prime factors of 31188.
2, 3, 23, 113
List the prime factors of 176388.
2, 3, 14699
List the prime factors of 3040.
2, 5, 19
List the prime factors of 1418.
2, 709
What are the prime factors of 8347?
17, 491
What are the prime factors of 12321?
3, 37
List the prime factors of 870.
2, 3, 5, 29
What are the prime factors of 1949?
1949
What are the prime factors of 1582?
2, 7, 113
What are the prime factors of 92030?
2, 5, 9203
List the prime factors of 4825.
5, 193
What are the prime factors of 870?
2, 3, 5, 29
List the prime factors of 16079.
7, 2297
What are the prime factors of 1929?
3, 643
List the prime factors of 46591.
46591
What are the prime factors of 42003?
3, 13, 359
List the prime factors of 1953.
3, 7, 31
What are the prime factors of 11351?
11351
List the prime factors of 597.
3, 199
What are the prime factors of 2595?
3, 5, 173
List the prime factors of 45790.
2, 5, 19, 241
What are the prime factors of 673?
673
What are the prime factors of 1077?
3, 359
List the prime factors of 5547.
3, 43
What are the prime factors of 7311?
3, 2437
What are the prime factors of 2302?
2, 1151
List the prime factors of 85103.
85103
What are the prime factors of 3846?
2, 3, 641
What are the prime factors of 240?
2, 3, 5
What are the prime factors of 8073?
3, 13, 23
List the prime factors of 1306.
2, 653
List the prime factors of 1516.
2, 379
What are the prime factors of 4385?
5, 877
What are the prime factors of 780?
2, 3, 5, 13
List the prime factors of 29481.
3, 31, 317
What are the prime factors of 40872?
2, 3, 13, 131
What are the prime factors of 998?
2, 499
What are the prime factors of 16168?
2, 43, 47
List the prime factors of 13864.
2, 1733
List the prime factors of 1592.
2, 199
List the prime factors of 29222.
2, 19, 769
What are the prime factors of 4874?
2, 2437
List the prime factors of 1409.
1409
What are the prime factors of 76193?
13, 5861
List the prime factors of 55662.
2, 3, 9277
List the prime factors of 20536.
2, 17, 151
What are the prime factors of 32612?
2, 31, 263
List the prime factors of 53954.
2, 53, 509
What are the prime factors of 6211?
6211
List the prime factors of 1056.
2, 3, 11
List the prime factors of 58.
2, 29
What are the prime factors of 1681?
41
List the prime factors of 1506.
2, 3, 251
List the prime factors of 14732.
2, 29, 127
What are the prime factors of 807?
3, 269
What are the prime factors of 955?
5, 191
What are the prime factors of 487?
487
What are the prime factors of 16450?
2, 5, 7, 47
List the prime factors of 8178.
2, 3, 29, 47
What are the prime factors of 14244?
2, 3, 1187
What are the prime factors of 42185?
5, 11, 13, 59
What are the prime factors of 41760?
2, 3, 5, 29
List the prime factors of 127164.
2, 3, 10597
What are the prime factors of 21603?
3, 19, 379
What are the prime factors of 52237?
52237
List the prime factors of 2075.
5, 83
What are the prime factors of 52503?
3, 11, 37, 43
What are the prime factors of 1582?
2, 7, 113
List the prime factors of 37513.
7, 23, 233
What are the prime factors of 332?
2, 83
List the prime factors of 21590.
2, 5, 17, 127
What are the prime factors of 1008?
2, 3, 7
List the prime factors of 3124.
2, 11, 71
What are the prime factors of